{"id":110,"date":"2023-06-07T10:23:08","date_gmt":"2023-06-07T08:23:08","guid":{"rendered":"https:\/\/sivos-rpi-jean-tardieu.fr\/?page_id=110"},"modified":"2023-06-14T08:57:18","modified_gmt":"2023-06-14T06:57:18","slug":"110-2","status":"publish","type":"page","link":"https:\/\/sivos-rpi-jean-tardieu.fr\/?page_id=110","title":{"rendered":""},"content":{"rendered":"\n<div class=\"wp-block-group alignfull has-black-color has-text-color has-background has-link-color wp-elements-067ed60901b2ccf293748aaafa63ff2d is-layout-flow wp-block-group-is-layout-flow\" style=\"background-color:#d2cdc7\">\n<div class=\"wp-block-columns is-layout-flex wp-container-core-columns-is-layout-28f84493 wp-block-columns-is-layout-flex\">\n<div class=\"wp-block-column is-layout-flow wp-block-column-is-layout-flow\">\n<div class=\"wp-block-buttons is-content-justification-center is-layout-flex wp-container-core-buttons-is-layout-a89b3969 wp-block-buttons-is-layout-flex\">\n<div class=\"wp-block-button is-style-outline is-style-outline--1\"><a class=\"wp-block-button__link wp-element-button\" href=\"https:\/\/sivos-rpi-jean-tardieu.fr\/?page_id=112\">&lt;&lt; Ameugny<\/a><\/div>\n<\/div>\n<\/div>\n\n\n\n<div class=\"wp-block-column is-layout-flow wp-block-column-is-layout-flow\">\n<div class=\"wp-block-buttons is-content-justification-center is-layout-flex wp-container-core-buttons-is-layout-a89b3969 wp-block-buttons-is-layout-flex\">\n<div class=\"wp-block-button is-style-outline is-style-outline--2\"><a class=\"wp-block-button__link wp-element-button\" href=\"https:\/\/sivos-rpi-jean-tardieu.fr\/?page_id=114\">Chissey-l\u00e8s-M\u00e2con &gt;&gt;<\/a><\/div>\n<\/div>\n<\/div>\n<\/div>\n<\/div>\n\n\n\n<div class=\"wp-block-cover alignfull has-parallax\" style=\"min-height:424px;aspect-ratio:unset;\"><span aria-hidden=\"true\" class=\"wp-block-cover__background has-background-dim-40 has-background-dim\" style=\"background-color:#000000\"><\/span><div role=\"img\" class=\"wp-block-cover__image-background wp-image-257 has-parallax\" style=\"background-position:50% 50%;background-image:url(https:\/\/sivos-rpi-jean-tardieu.fr\/wp-content\/uploads\/2023\/06\/cour1-scaled.jpg)\"><\/div><div class=\"wp-block-cover__inner-container is-layout-flow wp-block-cover-is-layout-flow\">\n<h2 class=\"wp-block-heading has-text-align-center alignwide has-white-color has-text-color\" style=\"font-size:clamp(27.894px, 1.743rem + ((1vw - 3.2px) * 1.257), 48px);line-height:1.2\">Bonnay<\/h2>\n<\/div><\/div>\n\n\n\n<div class=\"wp-block-group alignfull has-black-color has-text-color has-background has-link-color wp-elements-5ab602ad6e4bfb49048e9f849121b7aa is-layout-flow wp-block-group-is-layout-flow\" style=\"background-color:#d2cdc7\">\n<h3 class=\"wp-block-heading has-text-align-center\">Pr\u00e9sentation<\/h3>\n\n\n\n<p>Bienvenue \u00e0 l&rsquo;\u00e9cole de Bonnay, une institution d&rsquo;apprentissage au sein du SIVOS RPI Jean Tardieu. Nous nous engageons \u00e0 fournir une \u00e9ducation de qualit\u00e9, en mettant l&rsquo;accent sur le d\u00e9veloppement int\u00e9gral de chaque \u00e9l\u00e8ve dans un milieu ludique et accueillant.<\/p>\n\n\n\n<p>\u00c0 Bonnay, nous aspirons \u00e0 inspirer et \u00e0 nourrir la passion pour l&rsquo;apprentissage. Notre \u00e9quipe p\u00e9dagogique hautement qualifi\u00e9e et d\u00e9vou\u00e9e est d\u00e9termin\u00e9e \u00e0 offrir un enseignement stimulant et innovant, en encourageant la curiosit\u00e9 intellectuelle et le sens de la d\u00e9couverte chez nos \u00e9l\u00e8ves.<\/p>\n\n\n\n<p>Nous offrons un large \u00e9ventail de programmes \u00e9ducatifs complets, qui couvrent tous les aspects du d\u00e9veloppement de l&rsquo;enfant. Nos programmes acad\u00e9miques sont soutenus par des activit\u00e9s artistiques, sportives et culturelles qui favorisent le d\u00e9veloppement \u00e9quilibr\u00e9 de nos \u00e9l\u00e8ves.<\/p>\n\n\n\n<p>Chez nous, nous croyons en l&rsquo;importance de d\u00e9velopper les comp\u00e9tences sociales et \u00e9motionnelles de nos \u00e9l\u00e8ves. Nous mettons l&rsquo;accent sur la coop\u00e9ration, la communication et le respect mutuel.<\/p>\n\n\n\n<p>En tant que membre du SIVOS, nous collaborons \u00e9troitement avec d&rsquo;autres \u00e9coles pour organiser des \u00e9v\u00e9nements inter-\u00e9coles, des \u00e9changes culturels et des projets collaboratifs. Ces initiatives stimulantes renforcent l&rsquo;ouverture d&rsquo;esprit et la compr\u00e9hension interculturelle de nos \u00e9l\u00e8ves.<\/p>\n\n\n\n<h3 class=\"wp-block-heading alignwide has-text-align-center\" style=\"font-size:clamp(26.944px, 1.684rem + ((1vw - 3.2px) * 1.191), 46px);font-weight:400;line-height:1.1\">Le personnel<\/h3>\n\n\n\n<div class=\"wp-block-columns is-layout-flex wp-container-core-columns-is-layout-28f84493 wp-block-columns-is-layout-flex\">\n<div class=\"wp-block-column is-vertically-aligned-center is-layout-flow wp-block-column-is-layout-flow\" style=\"flex-basis:66.66%\">\n<div class=\"wp-block-columns is-layout-flex wp-container-core-columns-is-layout-28f84493 wp-block-columns-is-layout-flex\">\n<div class=\"wp-block-column is-layout-flow wp-block-column-is-layout-flow\" style=\"flex-basis:25%\">\n<p><span style=\"text-decoration: underline;\"><strong>Institutrice:<\/strong><\/span><\/p>\n<\/div>\n\n\n\n<div class=\"wp-block-column is-layout-flow wp-block-column-is-layout-flow\" style=\"flex-basis:66.66%\">\n<p>&#8211; Mme. RACINE C\u00e9line<\/p>\n<\/div>\n<\/div>\n\n\n\n<div class=\"wp-block-columns is-layout-flex wp-container-core-columns-is-layout-28f84493 wp-block-columns-is-layout-flex\">\n<div class=\"wp-block-column is-layout-flow wp-block-column-is-layout-flow\" style=\"flex-basis:25%\">\n<p class=\"has-text-align-left\"><span style=\"text-decoration: underline;\"><strong>Cantini\u00e8res:<\/strong><\/span><\/p>\n<\/div>\n\n\n\n<div class=\"wp-block-column is-layout-flow wp-block-column-is-layout-flow\" style=\"flex-basis:75%\">\n<p>&#8211; Mme. RIBEIRO GRANGER Marie Eug\u00e9nie<br>&#8211; Mme. ANNET Marise<\/p>\n<\/div>\n<\/div>\n<\/div>\n\n\n\n<div class=\"wp-block-column is-layout-flow wp-block-column-is-layout-flow\" style=\"flex-basis:33.33%\">\n<figure class=\"wp-block-image size-large is-resized\"><img loading=\"lazy\" decoding=\"async\" src=\"https:\/\/sivos-rpi-jean-tardieu.fr\/wp-content\/uploads\/2023\/06\/instit1-768x1024.jpg\" alt=\"\" class=\"wp-image-276\" width=\"237\" height=\"316\" srcset=\"https:\/\/sivos-rpi-jean-tardieu.fr\/wp-content\/uploads\/2023\/06\/instit1-768x1024.jpg 768w, https:\/\/sivos-rpi-jean-tardieu.fr\/wp-content\/uploads\/2023\/06\/instit1-225x300.jpg 225w, https:\/\/sivos-rpi-jean-tardieu.fr\/wp-content\/uploads\/2023\/06\/instit1-1152x1536.jpg 1152w, https:\/\/sivos-rpi-jean-tardieu.fr\/wp-content\/uploads\/2023\/06\/instit1-1536x2048.jpg 1536w, https:\/\/sivos-rpi-jean-tardieu.fr\/wp-content\/uploads\/2023\/06\/instit1-scaled.jpg 1920w\" sizes=\"auto, (max-width: 237px) 100vw, 237px\" \/><\/figure>\n<\/div>\n<\/div>\n\n\n\n<h3 class=\"wp-block-heading has-text-align-center\">Contact<\/h3>\n\n\n\n<div class=\"wp-block-columns is-layout-flex wp-container-core-columns-is-layout-28f84493 wp-block-columns-is-layout-flex\">\n<div class=\"wp-block-column is-layout-flow wp-block-column-is-layout-flow\">\n<h5 class=\"wp-block-heading has-text-align-center\">Adresse<\/h5>\n\n\n\n<p class=\"has-text-align-center\">\u00e9cole de Bonnay<br>71460 Bonnay<\/p>\n<\/div>\n\n\n\n<div class=\"wp-block-column is-layout-flow wp-block-column-is-layout-flow\">\n<h5 class=\"wp-block-heading has-text-align-center\">Adresse mail<\/h5>\n\n\n\n<p class=\"has-text-align-center\">ec-el-bonnay-71@ac-dijon.fr<\/p>\n<\/div>\n\n\n\n<div class=\"wp-block-column is-layout-flow wp-block-column-is-layout-flow\">\n<h5 class=\"wp-block-heading has-text-align-center\">T\u00e9l\u00e9phone<\/h5>\n\n\n\n<p class=\"has-text-align-center\"><span style=\"text-decoration: underline;\">fix:<\/span> 03 85 59 91 49<\/p>\n<\/div>\n<\/div>\n<\/div>\n\n\n\n<div class=\"wp-block-cover alignfull has-parallax\" style=\"min-height:424px;aspect-ratio:unset;\"><span aria-hidden=\"true\" class=\"wp-block-cover__background has-background-dim-40 has-background-dim\" style=\"background-color:#000000\"><\/span><div role=\"img\" class=\"wp-block-cover__image-background wp-image-257 has-parallax\" style=\"background-position:50% 50%;background-image:url(https:\/\/sivos-rpi-jean-tardieu.fr\/wp-content\/uploads\/2023\/06\/cour1-scaled.jpg)\"><\/div><div class=\"wp-block-cover__inner-container is-layout-flow wp-block-cover-is-layout-flow\">\n<h2 class=\"wp-block-heading has-text-align-center alignwide has-white-color has-text-color\" style=\"font-size:clamp(27.894px, 1.743rem + ((1vw - 3.2px) * 1.257), 48px);line-height:1.2\"><\/h2>\n<\/div><\/div>\n","protected":false},"excerpt":{"rendered":"<p>Pr\u00e9sentation Bienvenue \u00e0 l&rsquo;\u00e9cole de Bonnay, une institution d&rsquo;apprentissage au sein du SIVOS RPI Jean Tardieu. Nous nous engageons \u00e0 fournir une \u00e9ducation de qualit\u00e9, en mettant l&rsquo;accent sur le d\u00e9veloppement int\u00e9gral de chaque \u00e9l\u00e8ve dans un milieu ludique et accueillant. \u00c0 Bonnay, nous aspirons \u00e0 inspirer et \u00e0 nourrir la passion pour l&rsquo;apprentissage. Notre [&hellip;]<\/p>\n","protected":false},"author":1,"featured_media":0,"parent":0,"menu_order":0,"comment_status":"closed","ping_status":"closed","template":"","meta":{"footnotes":""},"class_list":["post-110","page","type-page","status-publish","hentry"],"_links":{"self":[{"href":"https:\/\/sivos-rpi-jean-tardieu.fr\/index.php?rest_route=\/wp\/v2\/pages\/110","targetHints":{"allow":["GET"]}}],"collection":[{"href":"https:\/\/sivos-rpi-jean-tardieu.fr\/index.php?rest_route=\/wp\/v2\/pages"}],"about":[{"href":"https:\/\/sivos-rpi-jean-tardieu.fr\/index.php?rest_route=\/wp\/v2\/types\/page"}],"author":[{"embeddable":true,"href":"https:\/\/sivos-rpi-jean-tardieu.fr\/index.php?rest_route=\/wp\/v2\/users\/1"}],"replies":[{"embeddable":true,"href":"https:\/\/sivos-rpi-jean-tardieu.fr\/index.php?rest_route=%2Fwp%2Fv2%2Fcomments&post=110"}],"version-history":[{"count":18,"href":"https:\/\/sivos-rpi-jean-tardieu.fr\/index.php?rest_route=\/wp\/v2\/pages\/110\/revisions"}],"predecessor-version":[{"id":278,"href":"https:\/\/sivos-rpi-jean-tardieu.fr\/index.php?rest_route=\/wp\/v2\/pages\/110\/revisions\/278"}],"wp:attachment":[{"href":"https:\/\/sivos-rpi-jean-tardieu.fr\/index.php?rest_route=%2Fwp%2Fv2%2Fmedia&parent=110"}],"curies":[{"name":"wp","href":"https:\/\/api.w.org\/{rel}","templated":true}]}}